Let j(p) = -p**3 + p**2 + 2. Let k be j(0). Determine n(k).
-6
Let i(j) = 2 + 5*j - j**3 + 2*j**2 - 5*j. Suppose -2*o = 3*o - 55. Let v = -8 + o. What is i(v)?
-7
Let r be 5/(-2) + (-1)/(-2). Let s(a) = 42*a - 16. Let y(b) = -8*b + 3. Let j(l) = 3*s(l) + 16*y(l). Determine j(r).
4
Let a(h) = 17*h**3 + 3*h**2 + 7. Let l = -9 - -1. Let v(b) = -26*b**3 - 5*b**2 - 11. Let j(s) = l*a(s) - 5*v(s). Give j(1).
-6
Let h(x) = x - 1. Let g be h(1). Suppose 0*c - 5*c = g. Let q(p) = p**2 + p - 3. Determine q(c).
-3
Let s(f) be the second derivative of -11*f**4/12 - f**3/3 - f**2/2 + 13*f. Give s(-1).
-10
Let u = -8 - -11. Suppose -10 = -5*b + u*b. Let m(j) = j**3 - 7*j**2 - 9*j + 7. Let g(v) = v**3 - 6*v**2 - 8*v + 7. Let k(i) = 3*g(i) - 2*m(i). What is k(b)?
2
Let t(x) = -x**3 + 4*x**2 + 5*x + 3. Let f(w) = 10*w**2 + w - 1. Let c be f(1). Let k = 14 - c. Suppose u - 4*u - 26 = -k*i, u - 23 = -5*i. Calculate t(i).
3
Let j(l) = -5 - l + 2*l + 9. Determine j(-3).
1
Let w(q) be the third derivative of -q**4/8 + q**3/6 - q**2. Give w(-1).
4
Let w(k) = -k**2 - 3*k + 2. Suppose 3*y - 13 - 7 = 4*c, -4*c + 2*y - 20 = 0. Calculate w(c).
-8
Let q(w) be the second derivative of -w**5/20 - w**4/4 + w**3/2 - w**2 + w - 2. Determine q(-4).
2
Let x(s) = -s**2 - 10*s - 4. Let a be -1*(12 + (-12)/3). Give x(a).
12
Let s(o) = 8*o**3 + 1. Let z = 3 - 3. Suppose -t + 2*t = 5*c, t + 5*c - 10 = z. Suppose 6*i - i = -t, 0 = -2*b - 4*i - 6. Determine s(b).
-7
Let z(q) be the second derivative of 0*q**2 + 4*q - 1/6*q**3 + 0. Let t(d) = -d**2 + d + 1. Let w be t(0). Give z(w).
-1
Let u(p) be the second derivative of p**5/20 + 5*p**4/12 - 5*p**3/6 + 17*p. Determine u(-6).
-6
Suppose 0 = 2*x - 18 + 14. Let w(j) = -j**3 + 5*j**2 - 2*j. Determine w(x).
8
Suppose -2*p + 24 = -4*c, -6*c - 18 = p - 2*c. Let i(a) = -3*a + 7 - p + 0. Calculate i(4).
-7
Let r(l) = -l**3 - 5*l**2 + 2*l - 2. Let v be 7*-1 - (-5 + 3). Calculate r(v).
-12
Let k be (3 - 4)/(1/(-11)). Let y be (-44)/k - 2/(-2). Let f(t) = -2*t**2 - 4*t - 1. Calculate f(y).
-7
Let q(n) = -3*n**2 + 6*n - 10. Suppose -s = -3*s + 3*x + 5, 2*x + 14 = 4*s. Let d(a) = -2*a**2 + 5*a - 9. Let f(t) = s*d(t) - 3*q(t). What is f(-5)?
9
Suppose -v = 2*v - 5*c + 3, 5*c = 0. Let l(i) = -i**2 - i. Calculate l(v).
0
Let m = -3 - -8. Let s(b) = m + 3*b - 4 - b. Let c = -5 + 9. Calculate s(c).
9
Let c(g) = g**3 - 3*g**2 - 5*g + 2. Let q be c(4). Let o be (-1)/(2/(-10)) - q. Let x(u) = -u**2 + 8*u - 3. Calculate x(o).
4
Let f(i) be the first derivative of -5*i - 4/3*i**3 + 5 + 1/4*i**4 - 5/2*i**2. Suppose -5*x = 3*t - 10, -6*t - 3*x = -2*t - 17. Calculate f(t).
-5
Let t = -1/982 - -551/58920. Let v(r) be the third derivative of -r**2 - 1/15*r**5 + t*r**6 + 0*r + 0 + 1/12*r**4 - 1/6*r**3. Determine v(3).
-4
Let j(k) = -k. Let u be j(-3). Let a(i) = u*i**2 + 2*i**2 - 1 + 5*i**2. Calculate a(-1).
9
Let c(n) be the first derivative of n**3 + n - 16. Let s = 2 - 1. Calculate c(s).
4
Let z(j) be the second derivative of j**3/6 - 3*j**2 - 12*j. Calculate z(5).
-1
Let c(h) = h**2 - 2*h - 3. Let q(s) = s + 2. Let z be q(0). Let n = 6 - z. Give c(n).
5
Let b(h) = -4*h**3 - h**2 + 4*h + 3. Let j(m) = 3*m**3 + m**2 - 3*m - 2. Let x(c) = 4*b(c) + 5*j(c). Give x(2).
0
Let f = -2 + 2. Let n(d) = 4*d - 3*d + 2 + f*d. Suppose -3*a + 8 = -1. Give n(a).
5
Let m(w) = w - 1. Suppose 2*z - 2*f = -0*z - 6, 0 = 2*f - 10. Suppose -z*o + o = 5*g, 2*g - o = -7. What is m(g)?
-2
Let j(g) = 2*g + 4. Let i be j(-4). Let q = i - -4. Suppose 5*a + u = 11, -4*u = -2*a - q*u + 22. Let x(m) = -2*m**2 + 3*m. Calculate x(a).
-9
Suppose -2*l = -4*n - 4, 2 = 5*l - 4*n - 2. Let y(k) be the second derivative of l + k + 0*k**2 + 1/6*k**3. Determine y(-1).
-1
Let y(i) = -3 - 1 + i**2 + 3*i - 6*i. Suppose -z + 5*z = 4. Let b = z + 4. Calculate y(b).
6
Let o(t) = t + 6. Let z be o(-4). Let y be 3*(8/6)/z. Let j(k) = -2*k + 3*k - 2*k**2 + 3*k**y. Determine j(2).
6
Let i be ((-1)/(-2)*-4)/(-1). Let z(w) = i*w**2 - 5 - 1 + 2 + 2*w. What is z(-3)?
8
Let n(r) = 8*r**2 - 2*r + 1. Let t(k) = -k**2 - 3*k + 1. Let g be t(0). Determine n(g).
7
Let s be (-2 - (-4 - -3)) + 8. Let n(x) = x - 2*x**3 + 3*x**3 + 6 - s - x**2 - 4*x**3. Calculate n(1).
-4
Let a(x) = -6*x**3 - x**2 + x. Let d(r) = -r**2 - 6*r - 4. Suppose -2*h + 0 - 10 = 0. Let w be d(h). Let c be w + (-3)/9*0. Determine a(c).
-6
Let q(k) = 6*k + 9. Let f(y) = -3*y - 5. Let b(t) = -5*f(t) - 3*q(t). Give b(-4).
10
Let x(q) = 4 + 2*q - 6 - 5*q**2 + 6*q**2. Calculate x(-4).
6
Let l(y) be the second derivative of y**5/60 - y**4/8 - 5*y**3/6 - y**2 - y. Let j(g) be the first derivative of l(g). Let r = 6 + -1. What is j(r)?
5
Let p(w) = w**2 - w - 1. Let f(d) = d**3 + 3*d**2 - 5*d - 2. Let h be f(-4). What is p(h)?
1
Suppose -k - 5 = -0*k. Let x(j) = -j**2 - 4*j + 6. Determine x(k).
1
Let c(y) = y**3 - 14*y**2 - y + 12. Let p be c(14). Let d = 0 - p. Let j(n) = 2*n - 3*n - n**3 - 2 + 4*n. Determine j(d).
-4
Suppose 3*k - 6 = k. Let l(c) = -c - 4 - 2*c**3 + 2*c**3 + 4*c**2 - c**3 + k*c. Calculate l(4).
4
Suppose 0 = 12*n + 122 - 14. Let l(f) = -f - 12. Determine l(n).
-3
Let p(t) = -14*t - 11*t - 12*t + 10*t. Calculate p(1).
-27
Let i(u) be the first derivative of u**3/3 + u**2/2 + 3*u + 3. Suppose 0 = -2*n, 0*c + 4*n = -5*c - 15. Calculate i(c).
9
Let x = 8 + -6. Suppose x*d - 5 = -3. Let f(z) = -10*z**3 - 1. What is f(d)?
-11
Let z(f) = -f. Suppose 0 = 2*w - 1 - 3. Suppose -m - 3*k + 18 = 2*m, w*k = -4*m + 20. Suppose -r - 2*r + m*c - 2 = 0, 5*r + 4*c = 18. What is z(r)?
-2
Let n(c) = 2*c + 1 - 2*c - 4*c + 3*c. Suppose -2*m - 4*d = -4*m + 6, m + 2*d + 5 = 0. Let p be (1*-2)/(0 + m). Calculate n(p).
-1
Suppose 5*y + 3 - 13 = 0. Let x(z) = -y + 7*z + 5 + 4 + z**2 + 0. Let c(r) = r - 10. Let q be c(5). Determine x(q).
-3
Suppose -3*l + 37 = -3*u - u, 5*l + u = 31. Let h(t) = 6*t + 4*t**2 + t**3 + 2*t**2 + 1 - l. Determine h(-5).
-11
Let t = -28 + 27. Let w(x) = 0*x**2 + x**2 - 1 - 9*x**3 + 3*x**3. Give w(t).
6
Let v be (3/1 + -5)*-4. Suppose 12 = 4*j - v. Let i(h) = -2*h + 6. Give i(j).
-4
Let i(t) be the first derivative of t**4/8 - 2*t**3/3 - t**2/2 - 2. Let y(p) be the second derivative of i(p). Let k be (-1)/(2*2/(-12)). Give y(k).
5
Let d(s) = -9*s + 2. Let h(y) be the second derivative of y**3/6 + 2*y. Let p(u) = -d(u) - 4*h(u). What is p(2)?
8
Let c(q) = 4*q - 6*q**2 - 12 + q**3 + 21 - 13. Calculate c(5).
-9
Let d(r) = -r**3 + 3*r**2 - 2*r + 3. Let x be 0/(-2) + 3 + 0. Suppose 15 = -x*m, v - m + 2*m + 2 = 0. Calculate d(v).
-3
Let o(r) = 5 + r**3 + 5*r + 0*r**2 + r**2 + 6*r**2 - r**2. What is o(-4)?
17
Let l(i) be the first derivative of -1/3*i**3 - i + 1 - 3/4*i**4 - i**2. Let q be l(-1). Let b(f) = f**3 - 4*f**2 + f + 3. Determine b(q).
-3
Let k(z) = z + 1. Let t(l) = 8*l + 5. Let i(f) = 6*k(f) - t(f). Determine i(2).
-3
Suppose 2*t + 15 = 5*t, p + 5*t = 23. Let x = 2 - 0. Let y(v) = x*v - 3*v - v - 3. Give y(p).
1
Let t = 20 - 11. Let w = t + -4. Suppose 0*n + 5 = -w*n. Let i(h) = 4*h**3 - h**2 + 1. What is i(n)?
-4
Let k(m) = -m**3 + m - 4. Let l(b) = b**2 - 2*b + 1. Let w = -1 - -2. Let q be l(w). Give k(q).
-4
Suppose -4*d = 20, -53 = -4*f + 3*d + 2*d. Let w(a) = a**3 - 8*a**2 + 5*a + 6. Give w(f).
-8
Let i(u) = -u**2 + 11*u + 3. Let b be i(11). Let v(o) = -o**3 + 4*o**2 - 3*o + 3. Let j be v(b). Let n(r) = 2*r + 1. Determine n(j).
7
Let y be 1 - (1 - -3) - -5. Let i(l) be the first derivative of -3*l**2/2 + 3*l - 2. What is i(y)?
-3
Let g(p) be the second derivative of -p**4/12 - 3*p**3/2 - 5*p**2/2 - 9*p. What is g(-6)?
13
Let y(l) = -1 - 12*l - 3*l + 4. Let k(n) = 5*n - 1. Let t(g) = -11*k(g) - 4*y(g). Let q = -5 - -4. Give t(q).
-6
Let r(u) be the first derivative of 7*u**2/2 - 2*u - 9. Calculate r(2).
12
Let z(s) = -s**2 - 3*s - 4. Let k = -210 - -205. Determine z(k).
-14
Let t = -7 - -11. Suppose -5*w = 3*s + 2, -s + 0*w + t*w = 12. Let o(k) = -k**2 - 4*k + 3. What is o(s)?
3
Let u(t) = 2*t - 6. Let y(n) = 6*n - 17. Let f(r) = -17*u(r) + 6*y(r). Suppose -8 = 4*p - 6*p. Calculate f(p).
8
Let s(a) = 2*a + 4. Let w be (-2)/6 - (-2)/((-6)/11). What is s(w)?
-4
Let m(a) = a**2 + a + 1. Let q(s) = 9*s**3 + 5*s**2 + 4*s + 4. Let b(l) = 5*m(l) - q(l). Calculate b(-1).
9
Let z(y) = y**2 - 3*y - 1. Let d be z(4). Let a(h) = 1 - 7*h**2 - 2